. Calculate t(r).
-4
Let l(h) = -h**2 - h + 1. Let x(o) = 4*o - 5. Suppose -5*i = 12*i - 34. Let u be x(i). Suppose u*z - 10 = -4*r - 1, -3*r + 14 = -5*z. Calculate l(r).
-11
Let d be -7*(-22)/(-539) + 88/14. Suppose 5*m - 9*k + d*k - 49 = 0, -5*k = -5*m + 45. Let v(h) = -h**3 + 12*h**2 - 11*h + 10. Determine v(m).
10
Suppose 31*g - 24*g - 5516 = 0. Let h = 791 - g. Let z(m) = m**3 + m. Calculate z(h).
30
Let b(w) be the first derivative of w**3/3 + 9*w**2 + 43*w - 1101. What is b(-15)?
-2
Let c(a) = a + 5. Let r(h) = -2*h**2 - 11*h - 15. Let q be r(-11). Let d = q + 131. What is c(d)?
0
Let j(a) = 7*a**2 - 3*a**3 - a**3 + 3*a**3 - 5*a. Suppose -2*n - 269 + 765 = 0. Let g = n - 242. Determine j(g).
6
Let f(o) be the third derivative of -11*o**5/60 + o**4/12 + o**3/3 - 280*o**2 + 2*o. Calculate f(-1).
-11
Let y be 28/224 + (-30)/(-16). Let x(i) = 64 + 8*i + 2*i**3 + 64 - i**3 - 132 - 8*i**y. Give x(7).
3
Let i be (9/(-2))/(3/4). Let f(b) be the second derivative of -b**3/6 - 6*b**2 - 3430*b. Determine f(i).
-6
Let q(c) = -7*c**3 + 7*c**2 - c - 3. Let u(t) = 12*t**3 - 14*t**2 + 4*t + 6. Let h(a) = -5*q(a) - 3*u(a). Calculate h(3).
12
Let p(o) = -212*o - 4 - 213*o - 198*o + 620*o. Let s(k) = -2*k + 12. Let j be s(9). Determine p(j).
14
Let x = 8332 - 8332. Let s(y) be the second derivative of y**5/20 + y**4/12 + y**3/6 + 3*y**2 + 12*y. Determine s(x).
6
Let v be (0 - 2)*49/14. Let w(h) be the first derivative of 3*h**2/2 - 2*h + 138. Calculate w(v).
-23
Let h(k) = k**2 + 3*k - 3 + 0 + 3*k. Suppose 2*q + 15 + 61 = 4*m, 0 = 3*q - 12. Let f be (m/9)/(3 - 100/30). What is h(f)?
4
Let a = 49 - -16. Let r(w) = 61*w - 114*w + a*w + 6 + w**2. Give r(-12).
6
Let d = -2 + -4. Let i be (d + 9)*(-14)/(-6). Let f(b) be the third derivative of -b**5/60 + 7*b**4/24 + b**3/6 - 451*b**2. What is f(i)?
1
Let o(s) = s. Let v(h) = -2*h - 7. Let d(l) = -o(l) + v(l). Let w = -125 + 121. What is d(w)?
5
Let v(k) = -k**2 + 7*k - 1. Let y be v(7). Let r be (-68)/(-32) - (-1)/(-8). Let j(h) = -h**2 + 5*h**3 + 2*h**r - 154*h + 155*h. Determine j(y).
-5
Let n(t) = -t - 26. Suppose 20 = s + 2*x, 2*s - 3*x - 28 = -x. Let k be 6/s + 1611/(-72). Let r be n(k). Let w(p) = p + 2. What is w(r)?
-2
Suppose 0 = 5*t - 66 + 41. Suppose -t*q + 101 = 96. Let r(v) be the second derivative of 13*v**5/20 + v**3/6 - v**2/2 + 2*v. What is r(q)?
13
Let t(n) be the second derivative of -98*n + 0 + 7/6*n**3 - 1/2*n**2. Determine t(1).
6
Suppose -32*i = -1030 - 10810. Let z(h) = -h + i - 8*h**2 - 370. What is z(1)?
-9
Let p(b) = b**3 - b**2 + b - 16. Let s = 963 + -963. Give p(s).
-16
Let m(d) = -2 + 1 - 373*d + 106*d**2 - 7 + 391*d - 107*d**2. Give m(12).
64
Let x(l) be the third derivative of l**4/3 + 4*l**3/3 + 601*l**2. What is x(-8)?
-56
Suppose -129*t + 1620 = 48*t - 15*t. Let r(n) = -n + 24. Let c(i) = -i + 25. Let j(l) = 2*c(l) - 3*r(l). Give j(t).
-12
Let m(h) = -h + 17. Suppose 140 = -203*p + 231*p. What is m(p)?
12
Let c(q) = q**3 - 8*q**2 + 7*q - 9. Suppose -10 = f + 5*w, -7*f + 70 = -3*f - 2*w. Let r be (56/(-35) + 4)/(6/f). Determine c(r).
-39
Let v(b) = -b**2 - 7*b - 6. Let m(g) = g**2 + 3*g - 81. Let c be m(-10). Calculate v(c).
-50
Suppose -4*y + 4*c = -y + 30, -30 = 3*y + c. Let m(k) = 52*k + 46*k + 10*k**2 - 144*k - 9*k**3 + 10*k**3 + 45*k - 1. Determine m(y).
9
Let k(m) = -3*m**2 + 8*m + 91. Let t(g) = -1052*g + 4215. Let n be t(4). Calculate k(n).
0
Let g(d) be the third derivative of -2*d**5/15 - d**4/24 + d**3/3 - 24*d**2 - 10*d. What is g(1)?
-7
Suppose 904 = 181*y - 1. Let j(u) = 17*u. Calculate j(y).
85
Let x(g) = 2*g**3 + g - 1. Suppose 3 = d - 49. Let i = -44 + d. Let p be i/(-14) - 33/(-21). Determine x(p).
2
Let s = 543 + -553. Let a be 2*((-270)/36 - s/2). Let b(p) be the third derivative of p**4/12 + 7*p**3/6 + p**2. What is b(a)?
-3
Let f(a) = a**3 + a**2 - 3*a - 3. Let d(y) = y**3 + 4*y**2 + 30*y + 118. Let o be d(-4). Determine f(o).
-1
Let t = -81 - -86. Let s(x) = -9 + t*x**2 - 9 - 4*x**2 + 2 - x. Let o = -1 - -1. What is s(o)?
-16
Let p = -25 - -18. Let m(g) = -g**2 - 7*g - 2. Let i be m(p). Let v(f) be the third derivative of -f**4/24 - f**3/2 - 1669*f**2. Give v(i).
-1
Let c(g) = 23*g - 50. Let f(y) = 5*y - 5. Let j(r) = c(r) - 6*f(r). Calculate j(2).
-34
Suppose 3*u - 3269 = -3248. Let d(n) = 1. Let k(g) = 3*g - 6. Let f(r) = 2*d(r) - k(r). Give f(u).
-13
Let y(n) = 22*n - 5*n - 8*n + 7. What is y(-4)?
-29
Let n(q) = -2*q**2 - 40*q + 3. Let f be n(-18). Let w = f - 70. Let g(u) = 2*u**3 + 7*u**2 + 6*u**3 + w - 8*u - 7*u**3. What is g(-8)?
5
Let r(g) = -3 - 3*g**2 + 2*g**2 + g**3 + g + 3. Let h = 588 + -586. What is r(h)?
6
Let y(u) be the third derivative of 0*u - 13 + 3*u**2 - 1/6*u**3 - 3/20*u**5 + 0*u**4. What is y(1)?
-10
Let i be 4/6 - 8/12. Let v(a) = 7 + 198*a - 3*a - 193*a. Determine v(i).
7
Suppose -t + 8 = 4*c + 3*t, 4 = 3*c + 4*t. Let f(x) = 2*x + 4 - c*x + 3*x. Let g(h) = -2*h**2 - 46*h + 45. Let i be g(-24). Calculate f(i).
1
Let h(p) be the second derivative of -p**5/20 - p**4/3 + p**3/3 - 5*p**2/2 - p - 1446. What is h(-4)?
-13
Let t(s) = -15*s - 642. Let z be t(-43). Let n(m) be the third derivative of 22*m**2 + 0 + 0*m + 7/6*m**z + 1/24*m**4. Calculate n(-5).
2
Suppose 2*a + a - 3*j - 15 = 0, 4*j + 8 = -2*a. Let m(c) = -2*c**2 - 38*c**3 - 1 + 36*c**3 - 2*c - a - c**2. What is m(-3)?
30
Let f be (168/(-35))/4*5/(-3). Suppose 5*m - f*c + 27 = 0, -c - 4 + 0 = m. Let y(v) = -v**3 - 6*v**2 - 6*v - 2. What is y(m)?
3
Let r(u) = -u + 25. Let w be (1 - -5) + 16/(-8). Suppose -d - w = -x, 2*x - d = -2*x + 4. Give r(x).
25
Let v = 172 + -178. Let t be v*(-5)/(-10) + 36/(-4). Let f(d) = -d**3 - 12*d**2 - d - 9. Calculate f(t).
3
Let o(b) = b**3 + 2*b**2 - 4*b. Suppose -4*x = -4*y + 328 - 352, 17 = 3*y + 2*x. Give o(y).
-1
Suppose -3*k + 2*i = -5*k - 2, -22 = 2*k - 2*i. Let b(s) = -s**3 - 7*s**2 + 57 - 52 - 2*s - s - 4*s. What is b(k)?
11
Let l(t) = -10*t**3 + 460511 - t - 230247 - 230264. Let q be 1 + ((-8)/(-2))/(-2). Give l(q).
11
Let x = -28531 - -28533. Let n(z) = -61*z + 128. Calculate n(x).
6
Let y(o) = -o**2 + 5*o + 3. Let p = 8 - 3. Suppose -4*w - 180 = p*l, 5*w + 93 + 60 = -4*l. Let a = l + 38. Give y(a).
-3
Suppose 2*d - 4 + 12 = 0. Let k = 2 + 14. Let u(a) = 5*a - 6 + k - 5. Calculate u(d).
-15
Let a(u) = -87 - 5*u - 77*u + 77*u - 26*u. What is a(-3)?
6
Let v = -120 + 119. Let i be (-5 - (v - -1)) + 0. Let c(o) = o**3 + 6*o**2 - o - 7. Determine c(i).
23
Let j be 10/((-46)/20 + (-7)/35). Let o(u) = u - 1. Let k(t) = -t**2 - t - 2. Let c(m) = k(m) - 2*o(m). Determine c(j).
-4
Suppose 0 = -66*g - 412 + 82. Let l(a) be the first derivative of -a**3/3 - a**2/2 + a - 1. Calculate l(g).
-19
Let b = 2450 + -2447. Let f(v) = 46*v**3 + 0*v + v**2 - 4*v - 4*v**2 - 45*v**3 + 5. Calculate f(b).
-7
Let p(c) = c**2 - 4 + 3 + 7*c + 4 - 9. Let r = -2624 - -2618. Give p(r).
-12
Let h = 2198 - 2205. Let f(y) = -y**2 - 2*y + 4. Determine f(h).
-31
Let z(g) be the first derivative of g**7/60 + g**6/180 - g**4/24 - 109*g**3/3 - 110. Let t(y) be the third derivative of z(y). What is t(1)?
15
Let d = 117 + -114. Suppose 4*b - 3 = -d*u - 0, 5*u + 3 = -4*b. Let k(n) = -4*n**2 + 0 + 3 + 8*n + b*n**2. Calculate k(7).
10
Suppose 5*i - 14 = -2*s, 4*s + 219 - 227 = 0. Let l(a) be the first derivative of 3/2*a**2 + i - 10*a. What is l(7)?
11
Let l(t) = 2*t**2 + t + 1. Let v(u) = 2*u**2 + 28*u - 6. Let d be v(-14). Let j(g) = 11*g**2 + 11*g + 11. Let i(w) = d*l(w) + j(w). Give i(6).
-1
Let j(d) be the second derivative of d**7/210 - d**5/60 - d**4/24 + d**3/3 - 2*d**2 + 35*d. Let n(b) be the second derivative of j(b). What is n(-1)?
-3
Suppose 4*z - 3*m + 441 = -329, -4*z = 4*m + 756. Let t = 104 + z. Let w = t - -81. Let q(u) = -u**3 - 6*u**2 + u - 2. Calculate q(w).
-8
Let y(j) be the third derivative of -j**5/60 - j**4/12 - j**3/3 + 6196*j**2. Calculate y(-5).
-17
Suppose 4*w + l + 3*l + 48 = 0, l - 1 = 0. Let b be 23/5 + (w/5 - -2). Let d(y) be the third derivative of -y**5/60 + y**4/8 + 5*y**3/6 - 10*y**2. What is d(b)?
1
Let a(i) = -i**3 - 2*i**2 + 1. Let u(m) = 8*m - 21. Let c be u(8). Suppose -49*o + c = -6*o. What is a(o)?
-2
Let q(n) = 59*n**2 + 1425*n + 221. Let m be q(-24). Let w(f) = -3*f + 9. Let z(i) = 7*i - 18. Let l(j) = -5*w(j) - 2*z(j). Calculate